 divided by 306?
93
What is the remainder when 156433 is divided by 738?
715
What is the remainder when 210568725 is divided by 68?
61
What is the remainder when 3072 is divided by 1816?
1256
Calculate the remainder when 888978 is divided by 7009.
5844
Calculate the remainder when 178088 is divided by 638.
86
What is the remainder when 290553 is divided by 1794?
1719
What is the remainder when 177259757 is divided by 509?
507
What is the remainder when 5888 is divided by 1087?
453
Calculate the remainder when 4305 is divided by 4254.
51
Calculate the remainder when 211108 is divided by 1818.
220
What is the remainder when 156532 is divided by 6522?
4
Calculate the remainder when 114325 is divided by 2847.
445
What is the remainder when 13786094 is divided by 29?
16
Calculate the remainder when 1198670 is divided by 7683.
122
What is the remainder when 46707205 is divided by 1015374?
1
Calculate the remainder when 83808723 is divided by 13.
11
Calculate the remainder when 170350256 is divided by 2849.
2848
Calculate the remainder when 747968 is divided by 38.
14
What is the remainder when 120790 is divided by 40006?
772
What is the remainder when 36839 is divided by 182?
75
What is the remainder when 17728931 is divided by 219?
5
What is the remainder when 714062 is divided by 1431?
1424
What is the remainder when 926697 is divided by 926692?
5
Calculate the remainder when 1063625 is divided by 804.
737
What is the remainder when 50201 is divided by 319?
118
Calculate the remainder when 2462652 is divided by 1231323.
6
Calculate the remainder when 101287 is divided by 14.
11
What is the remainder when 1363416 is divided by 17?
16
What is the remainder when 1092548 is divided by 218504?
28
Calculate the remainder when 319492 is divided by 63874.
122
What is the remainder when 13691 is divided by 6618?
455
What is the remainder when 1794686 is divided by 255?
251
Calculate the remainder when 577266 is divided by 804.
798
Calculate the remainder when 354134 is divided by 354126.
8
What is the remainder when 3024389 is divided by 103?
0
Calculate the remainder when 3076666 is divided by 202.
4
Calculate the remainder when 1650940 is divided by 82545.
40
Calculate the remainder when 18255265 is divided by 241.
238
Calculate the remainder when 5959896 is divided by 1986589.
129
Calculate the remainder when 33247868 is divided by 72.
68
What is the remainder when 151267258 is divided by 403?
402
Calculate the remainder when 346308 is divided by 3491.
699
Calculate the remainder when 3477557 is divided by 1231.
1213
Calculate the remainder when 526594 is divided by 263290.
14
Calculate the remainder when 2111421 is divided by 34.
21
What is the remainder when 618918 is divided by 13738?
708
What is the remainder when 262096 is divided by 814?
802
What is the remainder when 1572910257 is divided by 6889?
6888
What is the remainder when 5739793 is divided by 25?
18
What is the remainder when 100725 is divided by 12404?
1493
Calculate the remainder when 6089338 is divided by 1014887.
16
What is the remainder when 7505 is divided by 405?
215
What is the remainder when 438799 is divided by 72500?
3799
Calculate the remainder when 19323926 is divided by 1846.
1844
What is the remainder when 2568231 is divided by 185?
61
Calculate the remainder when 177664 is divided by 31.
3
What is the remainder when 108007 is divided by 35970?
97
What is the remainder when 3727933 is divided by 100?
33
What is the remainder when 6342592 is divided by 7?
4
What is the remainder when 12257259 is divided by 2722?
93
Calculate the remainder when 126222988 is divided by 72751.
3
Calculate the remainder when 10909260 is divided by 5454621.
18
Calculate the remainder when 517077 is divided by 216.
189
What is the remainder when 12383 is divided by 657?
557
What is the remainder when 10658 is divided by 1751?
152
Calculate the remainder when 681261 is divided by 340615.
31
Calculate the remainder when 73955986 is divided by 89.
12
What is the remainder when 4473 is divided by 57?
27
What is the remainder when 13693291 is divided by 107?
73
What is the remainder when 77836 is divided by 7532?
2516
What is the remainder when 3765837 is divided by 4828?
4825
What is the remainder when 128229958 is divided by 47?
46
What is the remainder when 1164004 is divided by 74?
58
What is the remainder when 35669701 is divided by 17834819?
63
What is the remainder when 14093165 is divided by 7046569?
27
What is the remainder when 152800789 is divided by 671?
669
What is the remainder when 2622405 is divided by 21?
9
What is the remainder when 904666 is divided by 298?
236
Calculate the remainder when 1137300 is divided by 12062.
3472
Calculate the remainder when 3424816 is divided by 175.
66
What is the remainder when 385441 is divided by 55018?
315
Calculate the remainder when 124552 is divided by 12321.
1342
What is the remainder when 850162 is divided by 283382?
16
What is the remainder when 324979 is divided by 95?
79
What is the remainder when 406871 is divided by 18476?
399
What is the remainder when 578373 is divided by 696?
693
Calculate the remainder when 153504 is divided by 1757.
645
What is the remainder when 78992 is divided by 78876?
116
What is the remainder when 8430889 is divided by 558?
67
Calculate the remainder when 2914375 is divided by 242811.
643
What is the remainder when 469869 is divided by 184?
117
What is the remainder when 18644 is divided by 694?
600
Calculate the remainder when 5075639 is divided by 19597.
16
Calculate the remainder when 9181252 is divided by 330.
322
What is the remainder when 267421 is divided by 733?
609
Calculate the remainder when 2460749 is divided by 22.
5
Calculate the remainder when 92353 is divided by 45571.
1211
Calculate the remainder when 23087087 is divided by 3170.
3147
What is the remainder when 3272633 is divided by 654501?
128
Calculate the remainder when 8832858 is divided by 220821.
18
What is the remainder when 1578600 is divided by 254?
244
Calculate the remainder when 1550586 is divided by 135.
111
Calculate the remainder when 41611712 is divided by 1065.
32
Calculate the remainder when 2223744 is divided by 797.
114
What is the remainder when 24373220 is divided by 66412?
16
What is the remainder when 22868241 is divided by 326?
319
What is the remainder when 139317 is divided by 139307?
10
What is the remainder when 1260118 is divided by 1249?
1126
Calculate the remainder when 14987373 is divided by 4353.
4347
What is the remainder when 26078 is divided by 1769?
1312
What is the remainder when 188636 is divided by 188602?
34
What is the remainder when 23635 is divided by 11448?
739
What is the remainder when 34038 is divided by 11304?
126
What is the remainder when 36866338 is divided by 10?
8
Calculate the remainder when 20417340 is divided by 35946.
12
Calculate the remainder when 286012132 is divided by 52.
16
What is the remainder when 2129497 is divided by 7?
6
What is the remainder when 191464 is divided by 1710?
1654
What is the remainder when 5338652 is divided by 5338644?
8
Calculate the remainder when 51918706 is divided by 41.
37
Calculate the remainder when 54815 is divided by 403.
7
Calculate the remainder when 1876 is divided by 48.
4
What is the remainder when 49249186 is divided by 24624590?
6
Calculate the remainder when 51855272 is divided by 20.
12
What is the remainder when 1359517 is divided by 107?
82
What is the remainder when 1735728 is divided by 618?
384
What is the remainder when 14028323 is divided by 7?
1
Calculate the remainder when 1644359 is divided by 1420.
1419
What is the remainder when 4092915 is divided by 1344?
435
Calculate the remainder when 7807136 is divided by 765.
311
Calculate the remainder when 5766775 is divided by 108807.
4
Calculate the remainder when 35472983 is divided by 7094546.
253
What is the remainder when 523047 is divided by 1704?
1623
Calculate the remainder when 8895991 is divided by 152.
39
Calculate the remainder when 34090414 is divided by 846.
844
What is the remainder when 38712797 is divided by 19356395?
7
Calculate the remainder when 32126 is divided by 28818.
3308
Calculate the remainder when 484669 is divided by 96930.
19
Calculate the remainder when